inder when 166594243 is divided by 372.
367
What is the remainder when 5609331 is divided by 180?
171
Calculate the remainder when 35954385 is divided by 2130.
2115
What is the remainder when 1961058 is divided by 81689?
522
Calculate the remainder when 14434830 is divided by 35997.
33
Calculate the remainder when 1518 is divided by 1341.
177
Calculate the remainder when 596494905 is divided by 339.
336
What is the remainder when 139000284 is divided by 436?
432
What is the remainder when 328867 is divided by 38?
15
Calculate the remainder when 4038458 is divided by 309.
137
What is the remainder when 13577704 is divided by 1697211?
16
What is the remainder when 223940 is divided by 11?
2
Calculate the remainder when 92131 is divided by 45359.
1413
Calculate the remainder when 2229404 is divided by 922.
8
Calculate the remainder when 18834183 is divided by 596.
583
Calculate the remainder when 436382 is divided by 38.
28
What is the remainder when 26564 is divided by 1892?
76
Calculate the remainder when 17306974 is divided by 1125.
1099
Calculate the remainder when 652604 is divided by 578.
42
Calculate the remainder when 819563 is divided by 128.
107
Calculate the remainder when 821668 is divided by 740.
268
Calculate the remainder when 26089 is divided by 4329.
115
What is the remainder when 353343 is divided by 11398?
5
Calculate the remainder when 822817 is divided by 45706.
109
What is the remainder when 1042060 is divided by 2735?
25
Calculate the remainder when 58633 is divided by 19302.
727
Calculate the remainder when 1093097 is divided by 273273.
5
Calculate the remainder when 31180 is divided by 265.
175
Calculate the remainder when 1962606 is divided by 163550.
6
What is the remainder when 29667783 is divided by 1715?
1713
Calculate the remainder when 35247 is divided by 1959.
1944
What is the remainder when 30268222 is divided by 11?
6
Calculate the remainder when 42579729 is divided by 24.
9
What is the remainder when 1473000 is divided by 490494?
1518
What is the remainder when 874867 is divided by 3959?
3887
Calculate the remainder when 522511 is divided by 1866.
31
What is the remainder when 1386404 is divided by 4606?
4604
Calculate the remainder when 3337212 is divided by 62966.
14
What is the remainder when 3613067 is divided by 146?
5
What is the remainder when 72276 is divided by 9032?
20
Calculate the remainder when 38316 is divided by 3212.
2984
Calculate the remainder when 4613 is divided by 3938.
675
Calculate the remainder when 11344082 is divided by 1173.
1172
Calculate the remainder when 22257699 is divided by 195.
9
Calculate the remainder when 2756118 is divided by 70667.
105
What is the remainder when 741950 is divided by 2569?
2078
What is the remainder when 119463325 is divided by 841291?
3
What is the remainder when 13033604 is divided by 59?
32
Calculate the remainder when 36793 is divided by 176.
9
What is the remainder when 956561 is divided by 955796?
765
Calculate the remainder when 186069 is divided by 93009.
51
What is the remainder when 3561508 is divided by 67198?
14
Calculate the remainder when 79177269 is divided by 79177257.
12
What is the remainder when 485403 is divided by 712?
531
Calculate the remainder when 1074510 is divided by 358159.
33
Calculate the remainder when 39230055 is divided by 196.
67
What is the remainder when 233795 is divided by 19400?
995
Calculate the remainder when 900223 is divided by 99.
16
What is the remainder when 7539599 is divided by 618?
617
Calculate the remainder when 177165 is divided by 603.
486
Calculate the remainder when 74966039 is divided by 517.
5
What is the remainder when 88815 is divided by 41612?
5591
What is the remainder when 8227910 is divided by 221?
80
Calculate the remainder when 138522 is divided by 810.
12
Calculate the remainder when 1587806 is divided by 5882.
5548
Calculate the remainder when 27443987 is divided by 5488761.
182
What is the remainder when 1366452 is divided by 945?
927
Calculate the remainder when 1391864 is divided by 8865.
59
Calculate the remainder when 25744 is divided by 3532.
1020
Calculate the remainder when 1453531 is divided by 315.
121
Calculate the remainder when 34040166 is divided by 243.
240
What is the remainder when 14960542 is divided by 554092?
58
What is the remainder when 53667 is divided by 12993?
1695
Calculate the remainder when 2023167 is divided by 2734.
7
What is the remainder when 836398 is divided by 6114?
4894
What is the remainder when 3814552 is divided by 3814537?
15
Calculate the remainder when 782847 is divided by 1447.
20
What is the remainder when 241194 is divided by 683?
95
Calculate the remainder when 9598 is divided by 6319.
3279
Calculate the remainder when 8477660 is divided by 2119398.
68
What is the remainder when 11009950 is divided by 1572847?
21
Calculate the remainder when 4516242 is divided by 1111.
27
What is the remainder when 400245 is divided by 16676?
21
What is the remainder when 25279 is divided by 12092?
1095
What is the remainder when 761621 is divided by 20?
1
What is the remainder when 69051675 is divided by 254?
251
Calculate the remainder when 23685533 is divided by 816742.
15
What is the remainder when 1752823 is divided by 2756?
7
Calculate the remainder when 734866 is divided by 403.
197
Calculate the remainder when 160188 is divided by 53367.
87
What is the remainder when 21866031 is divided by 1561858?
19
What is the remainder when 73211 is divided by 4851?
446
Calculate the remainder when 97165 is divided by 48564.
37
What is the remainder when 16583325 is divided by 1774?
1747
Calculate the remainder when 15385338 is divided by 7692653.
32
Calculate the remainder when 259361327 is divided by 471.
467
Calculate the remainder when 131823 is divided by 835.
728
Calculate the remainder when 1836951 is divided by 1522.
1419
What is the remainder when 723365 is divided by 623?
62
Calculate the remainder when 1266306 is divided by 66646.
32
Calculate the remainder when 587139 is divided by 529.
478
Calculate the remainder when 214206833 is divided by 888825.
8
Calculate the remainder when 37230 is divided by 6125.
480
Calculate the remainder when 831307646 is divided by 1590.
1586
What is the remainder when 450685 is divided by 3470?
3055
What is the remainder when 270897 is divided by 7938?
1005
Calculate the remainder when 137185433 is divided by 37.
15
Calculate the remainder when 14973050 is divided by 639.
2
Calculate the remainder when 13702101 is divided by 4567354.
39
What is the remainder when 11221 is divided by 64?
21
What is the remainder when 26097 is divided by 197?
93
Calculate the remainder when 30885299 is divided by 205.
204
What is the remainder when 649353 is divided by 28?
5
Calculate the remainder when 33686 is divided by 10724.
1514
Calculate the remainder when 1829188 is divided by 3363.
3079
Calculate the remainder when 83853395 is divided by 1746.
1745
Calculate the remainder when 16407638 is divided by 46.
36
What is the remainder when 19463728 is divided by 716?
700
Calculate the remainder when 50672 is divided by 1059.
899
Calculate the remainder when 368098215 is divided by 14.
9
What is the remainder when 729584 is divided by 1569?
1568
Calculate the remainder when 1420 is divided by 701.
18
What is the remainder when 23306 is divided by 190?
126
Calculate the remainder when 114190 is divided by 741.
76
What is the remainder when 3135148 is divided by 45?
43
What is the remainder when 246178 is divided by 1620?
1558
Calculate the remainder when 2716790 is divided by 767.
76
What is the remainder when 194945 is divided by 2672?
2561
What is the remainder when 394659 is divided by 66?
45
What is the remainder when 3241469 is divided by 691?
679
Calculate the remainder when 798983079 is divided by 4806.
4803
Calculate the remainder when 1811547 is divided by 470.
167
What is the remainder when 4503552 is divided by 315?
312
Calculate the remainder when 444269054 is divided by 2464.
2462
What is the remainder when 243335 is divided by 6964?
6559
Calculate the remainder when 56200347 is divided by 7025042.
11
Calculate the remainder when 53622 is divided by 269.
91
Calculate the remainder when 4939461 is divided by 38.
31
Calculate 